 15 = -40. Suppose c = 4*t - 5. Calculate the greatest common divisor of t and 12.
4
Let v = -62 + 254. What is the greatest common factor of 16 and v?
16
Suppose -474*h + 11 = -473*h. Let f be 2/1 - -43*2. What is the highest common factor of f and h?
11
Let h(s) = -s**3 + 2*s**2 + 4*s. Let i be h(3). Let a(b) = 22*b**2 + 0 + 1 - i - b. Let r be a(2). Calculate the highest common factor of r and 21.
21
Suppose p + 0 = 7. Let f = -4 - 1. Let m(i) = i**3 + 6*i**2 + 2*i - 1. Let z be m(f). What is the greatest common divisor of z and p?
7
Let c(s) = -s**2 - 35*s - 63. Let i be c(-33). What is the highest common factor of i and 84?
3
Let z be (1/3)/(1/9). Suppose -c + 5*c - 14 = a, 0 = z*a - 6. Suppose 0 = 2*m + c*i - 66, 3*i = -2*m - 0*m + 63. What is the greatest common factor of 18 and m?
9
Suppose g = 71 - 13. Calculate the greatest common factor of g and 145.
29
Let d = 36 + -50. Let m be (-18)/(-4)*d/(-21). Calculate the highest common divisor of m and 24.
3
Suppose 0 = 2*w - 0*w - 26. Let c(l) = -2*l + 2. Let j be c(-1). Suppose 208 = -0*f + j*f. What is the greatest common divisor of f and w?
13
Suppose -2*b + 30 - 2 = 0. Calculate the highest common factor of b and 14.
14
Let l = 14 - 5. Let f = 0 - -7. Let i = f + l. Calculate the highest common factor of 4 and i.
4
Let i be ((-63)/14 - -4)*-2. Let j = -4 + 8. Calculate the greatest common factor of i and j.
1
Let f(u) = -u + 14. Let q be f(7). What is the greatest common factor of q and 28?
7
Let l = 2 - 0. Suppose 7*s - 20 = -6. Let o be (s/(-3))/(l/(-270)). What is the greatest common divisor of o and 18?
18
Suppose -3*d + 4*r = -5*d + 56, 0 = -r - 1. Suppose -b = 3*g - 0*g - 15, 2*b + 12 = g. Suppose -g*n = -n - d. What is the greatest common factor of n and 36?
6
Let b = 117 - 22. Let c = 53 - 34. What is the greatest common divisor of b and c?
19
Let h(c) = c**3 - 6*c**2 - 12*c + 9. Let i be h(9). What is the greatest common factor of 18 and i?
18
Let l = 36 + -16. Let j(v) = 42*v - 68. Let m be j(4). What is the greatest common divisor of m and l?
20
Let o = 39 + -19. Let a = 49 + 51. Suppose -4*w = -6*w + a. What is the greatest common divisor of w and o?
10
Suppose 0 = -2*o - 94 + 396. Suppose -4*l - 47 + o = 0. What is the highest common divisor of l and 39?
13
Let s be 2*((-7)/(-2) + -3). Suppose 5*o = 4*g - 3*g - 16, 2*g - 14 = 4*o. Calculate the highest common divisor of s and g.
1
Let b = -7 + 5. Let q be b/(-3) + 154/21. Calculate the greatest common divisor of q and 32.
8
Let a be (-2)/(-6) + (-8)/(-3). What is the greatest common factor of a and 12?
3
Let m = 62 - -50. What is the highest common divisor of 16 and m?
16
Let m(v) = 2*v**3 - 2*v**2 + 5*v - 11. Let u be m(3). Calculate the highest common factor of 80 and u.
40
Let f be ((-2)/(-6))/((-5)/(-60)). Suppose -105 = -f*g + 39. Calculate the highest common divisor of 4 and g.
4
Let j(c) = 1 + 0 - 5 - 26*c. Let g be j(-4). What is the highest common factor of 40 and g?
20
Suppose -648*k + 644*k + 532 = 0. What is the highest common factor of 19 and k?
19
Suppose 97 = 2*f + 5*d, 4*f = -7*d + 4*d + 215. Suppose -2*j = 3*j - 35. Calculate the greatest common factor of f and j.
7
Suppose -2*k = 0, -f - 3*k = -k - 176. What is the highest common divisor of f and 11?
11
Let b be -5*2*(-20)/40. Suppose -4*s + 44 = 3*j, 4*j - 4*s + b*s = 63. Calculate the highest common divisor of j and 2.
2
Let t be (-60)/9*18/(-2). Let r be 0 + t + 2 + 2. Suppose 5*c - 35 - 5 = 0. What is the greatest common factor of r and c?
8
Suppose p - 2*x = 13 + 2, 2*p + 5*x + 6 = 0. Calculate the highest common divisor of 63 and p.
7
Let t(w) = -w**3 + 5*w**2 + 4*w - 4. Let h be t(5). Let y be 76 - (-5 + 1) - 0. Calculate the highest common factor of h and y.
16
Let h be (-774)/(-22) - 4/22. Let i = h - 23. What is the highest common divisor of i and 8?
4
Suppose 2*i - 6*m = -2*m + 96, -2*i + 76 = m. Let g(x) = x - 3. Let v be g(8). What is the highest common factor of v and i?
5
Let w(i) = -i**3 - i**2 - 7*i - 9. Let r be w(-3). Let s(t) = -t**2 + 12. Let l be s(0). What is the highest common divisor of r and l?
6
Let s(x) = x**3 + 6*x**2 - 2*x + 10. Let c be s(-6). Suppose 3*t = -u + 74, -t + c = -2*u + u. Calculate the greatest common divisor of t and 60.
12
Suppose 0 = -4*b - 6 + 166. Let w be ((-15)/2)/(2/(-4)). Suppose -w = j - 4*j. Calculate the highest common divisor of j and b.
5
Suppose -5*j + 2*h + 6 = 0, -18 = -j - 3*j - 5*h. Calculate the greatest common factor of 14 and j.
2
Suppose n = 2*v + 2*v + 58, 2*n + 4*v = 176. Suppose -n = -4*q + 2*q. Calculate the greatest common divisor of 13 and q.
13
Suppose -z + 3*z - 2*k - 22 = 0, z + k = 5. What is the highest common factor of z and 40?
8
Let r be (-96)/9*(-3)/(-2). Let m be 18/((-22)/r - 1). Suppose -3*u = -u - m. What is the highest common divisor of u and 6?
6
Let v(q) = q**3 + 6*q**2 - q - 3. Let i be v(-6). Let n = 24 - 21. Calculate the highest common factor of n and i.
3
Let h(y) = -y**3 - 2*y**2 - 6*y - 4. Let m be h(-2). What is the greatest common divisor of m and 88?
8
Let c(y) = -11*y + 1. Let g = 6 + -10. Let r be c(g). What is the greatest common factor of r and 15?
15
Let t be (38 - (3 - 5))/2. What is the highest common divisor of 10 and t?
10
Let k = 30 + -14. Let v = 4 + k. Suppose 0 = 3*g - r + 2*r - 22, 2*r + 44 = 5*g. What is the greatest common factor of g and v?
4
Let z = 63 + -51. Let c = 102 - 54. What is the highest common factor of c and z?
12
Suppose -t + 43 = -57. Calculate the greatest common divisor of t and 25.
25
Let y(k) = -13*k. Let t be y(-5). Let g(f) = -10*f - 2. Let p be g(-3). Suppose -p = -2*x - a, x - 3*a - 5 = 2. What is the greatest common divisor of t and x?
13
Suppose -3*z = 5*o - 155, -4*z + 2*z = 4*o - 100. Suppose 2*m = -24 - 44. Let f = -22 - m. Calculate the greatest common factor of z and f.
12
Let h(y) = 3*y - 12. Let u be h(13). Calculate the greatest common divisor of 6 and u.
3
Suppose -4*d + 16 = -88. Suppose 9 = -r + d. Calculate the greatest common divisor of r and 17.
17
Let a = -10 + 7. Let r be (-264)/18*a/2. Suppose 0 = 3*m + m - 440. Calculate the greatest common factor of m and r.
22
Suppose 0 = -5*x + 2*h + 367, -x + 3*h + 363 = 4*x. What is the greatest common factor of x and 15?
15
Let h = 6 + 2. Calculate the highest common factor of 88 and h.
8
Let s(h) be the first derivative of 9*h**2/2 + 6*h + 4. Let p be s(6). Calculate the greatest common factor of 20 and p.
20
Let s(v) = 6*v**2 - 5*v - 6. Let q be s(-3). What is the greatest common factor of q and 9?
9
Suppose 0 = -5*t + 5*p + 295, -4*t - 63 = -p - 314. Suppose -2*l + 16 = -0*l. What is the highest common factor of t and l?
8
Let q(g) = 10*g**2 - g. Let c be q(1). What is the greatest common divisor of 18 and c?
9
Suppose 6*h + 111 = 267. Suppose f = 6*f + 5*c - 10, -4*c + 8 = 3*f. Suppose 3*g - 4*g + 65 = f. Calculate the greatest common factor of h and g.
13
Suppose 0 = 2*b + 3 - 25. Let t be ((-3)/3)/(2/(-172)). Let m = t + 2. Calculate the greatest common factor of m and b.
11
Let w = -13 + 20. Let n be 1046/14 + 2/w. What is the highest common divisor of 25 and n?
25
Suppose h - n - 17 = 2*n, -5*h + 5*n + 115 = 0. Suppose h = 3*w - 5*g, 4*w - 14 = g - 2. Calculate the greatest common factor of 4 and w.
2
Let w be 5 - 3 - (6 + -2). Let u be ((-2)/((-2)/(-1)))/1. Let g be u - (-2 + (-16 - w)). What is the greatest common factor of 15 and g?
15
Let s = -2 + 24. What is the highest common divisor of 198 and s?
22
Let x = -13 + 6. Let l(r) = -r. Let p(u) = -u - 1. Let v(c) = 6*l(c) - 5*p(c). Let h be v(x). Calculate the greatest common divisor of h and 8.
4
Let n(y) = 2*y**2 + 18*y - 32. Let b be n(-16). Calculate the greatest common factor of b and 24.
24
Suppose -v = 2*v - 18. Calculate the greatest common divisor of 2 and v.
2
Suppose -4*p = 3*l - 31, 4*l - 8*l + 18 = 3*p. Let b be 124/p - 9/(-15). Calculate the highest common divisor of 91 and b.
13
Suppose -5*t - b + 12 = 0, 0 = 12*t - 17*t + b + 8. Calculate the greatest common factor of 54 and t.
2
Suppose -v - v = -10. Suppose v*h - 12 = 4*h. What is the greatest common factor of 12 and h?
12
Let r = -28 - -40. Suppose -o = o - r. Suppose 28 = o*f - 2*f. What is the greatest common divisor of f and